ommon divisor of 384 and 288?
96
Calculate the highest common divisor of 72 and 168.
24
Calculate the highest common divisor of 1265 and 3680.
115
Calculate the greatest common factor of 15333 and 57.
57
What is the highest common factor of 20 and 20?
20
Calculate the highest common factor of 16488 and 48.
24
Calculate the highest common divisor of 22 and 5654.
22
Calculate the greatest common factor of 40 and 4100.
20
Calculate the greatest common divisor of 44 and 352.
44
What is the highest common divisor of 221 and 34?
17
Calculate the highest common factor of 13 and 247.
13
Calculate the greatest common divisor of 1422 and 1659.
237
Calculate the greatest common divisor of 4814 and 87.
29
What is the highest common factor of 112 and 79?
1
Calculate the greatest common divisor of 19 and 10222.
19
What is the greatest common divisor of 574 and 70?
14
Calculate the highest common factor of 366 and 6.
6
What is the greatest common divisor of 2536 and 8?
8
What is the highest common divisor of 15827 and 238?
119
What is the greatest common divisor of 84 and 567?
21
What is the greatest common divisor of 19424 and 64?
32
Calculate the highest common divisor of 117 and 252.
9
Calculate the highest common divisor of 456 and 88.
8
Calculate the highest common factor of 14 and 427.
7
What is the greatest common factor of 180 and 162?
18
What is the greatest common factor of 63 and 36708?
21
Calculate the greatest common factor of 13 and 39.
13
What is the highest common factor of 2670 and 30?
30
Calculate the highest common divisor of 1422 and 18.
18
Calculate the greatest common factor of 116 and 15544.
116
Calculate the highest common factor of 559 and 13.
13
Calculate the highest common factor of 40 and 56.
8
What is the greatest common divisor of 198 and 522?
18
Calculate the greatest common factor of 45 and 45945.
45
What is the highest common factor of 188 and 1645?
47
Calculate the highest common divisor of 168 and 168.
168
Calculate the highest common factor of 890 and 7298.
178
Calculate the greatest common factor of 91 and 28.
7
What is the highest common divisor of 742 and 14?
14
What is the greatest common divisor of 150 and 78?
6
What is the greatest common divisor of 88 and 198?
22
Calculate the greatest common factor of 212 and 106.
106
Calculate the greatest common factor of 2856 and 272.
136
Calculate the highest common divisor of 56 and 32.
8
What is the greatest common factor of 24 and 200?
8
Calculate the highest common factor of 395 and 20.
5
What is the greatest common factor of 216 and 1188?
108
Calculate the greatest common factor of 1617 and 735.
147
Calculate the highest common divisor of 1530 and 810.
90
Calculate the highest common factor of 679 and 7.
7
Calculate the highest common factor of 280 and 9680.
40
Calculate the greatest common divisor of 28 and 12.
4
Calculate the greatest common divisor of 70 and 385.
35
What is the highest common divisor of 1245 and 15?
15
What is the highest common factor of 2829 and 123?
123
Calculate the greatest common divisor of 1843 and 1164.
97
What is the greatest common factor of 48 and 1452?
12
Calculate the greatest common factor of 84 and 2880.
12
Calculate the highest common factor of 270 and 124470.
270
What is the highest common factor of 4972 and 44?
44
What is the highest common divisor of 102 and 459?
51
Calculate the highest common divisor of 56 and 16.
8
Calculate the greatest common factor of 3341 and 13.
13
What is the highest common factor of 30 and 70?
10
What is the greatest common divisor of 1309 and 4114?
187
What is the greatest common divisor of 8 and 920?
8
What is the greatest common divisor of 140 and 80?
20
Calculate the highest common factor of 35 and 385.
35
What is the greatest common factor of 13 and 793?
13
Calculate the greatest common factor of 392 and 8.
8
Calculate the greatest common divisor of 184 and 9476.
92
Calculate the greatest common divisor of 8 and 808.
8
Calculate the highest common factor of 132 and 30426.
66
Calculate the highest common factor of 244 and 16.
4
Calculate the greatest common divisor of 186 and 7130.
62
What is the highest common divisor of 486 and 1494?
18
Calculate the highest common divisor of 176 and 464.
16
What is the highest common divisor of 2984 and 48?
8
What is the greatest common factor of 50380 and 220?
220
What is the highest common factor of 6 and 39?
3
What is the highest common divisor of 1464 and 1586?
122
What is the greatest common divisor of 180 and 1908?
36
What is the highest common divisor of 812 and 91?
7
Calculate the greatest common divisor of 432 and 10800.
432
What is the greatest common divisor of 85 and 3655?
85
What is the highest common divisor of 520 and 312?
104
What is the greatest common divisor of 81 and 81?
81
What is the highest common divisor of 33 and 209?
11
What is the highest common divisor of 810 and 80?
10
Calculate the highest common factor of 12 and 972.
12
Calculate the highest common factor of 774 and 11782.
86
Calculate the highest common factor of 21 and 168.
21
Calculate the highest common divisor of 21 and 31570.
7
Calculate the greatest common divisor of 1394 and 17.
17
What is the highest common factor of 20 and 2360?
20
Calculate the greatest common factor of 432 and 112.
16
What is the greatest common factor of 272 and 306?
34
Calculate the highest common divisor of 16 and 1072.
16
What is the highest common divisor of 342 and 209?
19
Calculate the highest common factor of 16 and 292.
4
Calculate the greatest common divisor of 1 and 3677.
1
Calculate the greatest common factor of 18 and 603.
9
Calculate the highest common divisor of 660 and 605.
55
Calculate the highest common divisor of 28 and 6104.
28
Calculate the highest common factor of 279 and 13671.
279
What is the greatest common factor of 136 and 374?
34
What is the greatest common factor of 306 and 765?
153
Calculate the greatest common divisor of 12 and 192.
12
What is the greatest common divisor of 1728 and 27?
27
What is the greatest common divisor of 56 and 812?
28
What is the highest common divisor of 10 and 95?
5
Calculate the greatest common divisor of 63 and 7.
7
What is the greatest common factor of 452 and 565?
113
What is the greatest common factor of 2 and 143?
1
Calculate the greatest common divisor of 14 and 1302.
14
What is the greatest common divisor of 2 and 14?
2
Calculate the highest common divisor of 21 and 91.
7
Calculate the greatest common factor of 3230 and 1045.
95
What is the highest common factor of 82 and 4?
2
What is the greatest common divisor of 19 and 1558?
19
What is the highest common factor of 156 and 234?
78
Calculate the greatest common factor of 2520 and 90.
90
Calculate the highest common factor of 126 and 14.
14
What is the greatest common divisor of 2233 and 154?
77
What is the greatest common factor of 99 and 2739?
33
What is the greatest common divisor of 1970 and 10?
10
What is the highest common factor of 81 and 99?
9
Calculate the greatest common divisor of 567 and 7749.
189
Calculate the highest common factor of 20 and 3760.
20
Calculate the highest common factor of 33 and 2024.
11
Calculate the greatest common divisor of 285 and 7467.
57
Calculate the greatest common factor of 159 and 1855.
53
Calculate the greatest common divisor of 3 and 1866.
3
What is the greatest common divisor of 47 and 1504?
47
Calculate the greatest common factor of 9 and 873.
9
Calculate the greatest common factor of 24 and 324.
12
Calculate the highest common divisor of 200 and 5275.
25
Calculate the highest common factor of 11 and 187.
11
What is the greatest common divisor of 246 and 24?
6
What is the greatest common divisor of 20 and 48?
4
Calculate the greatest common divisor of 100 and 13100.
100
Calculate the highest common factor of 80 and 40.
40
Calculate the highest common factor of 400 and 976.
16
Calculate the highest common divisor of 6963 and 66.
33
What is the greatest common factor of 91 and 26?
13
Calculate the highest common factor of 96 and 8304.
48
Calculate the greatest common divisor of 246 and 410.
82
What is the greatest common factor of 240 and 592?
16
What is the highest common divisor of 4 and 293?
1
What is the highest common divisor of 4706 and 104?